{"id":824,"date":"2019-03-08T15:14:37","date_gmt":"2019-03-08T14:14:37","guid":{"rendered":"http:\/\/sh2pg.fr\/2017\/?page_id=824"},"modified":"2019-05-23T10:52:16","modified_gmt":"2019-05-23T08:52:16","slug":"2019-sortie-dans-le-thouarsais","status":"publish","type":"page","link":"https:\/\/sh2pg.fr\/2017\/journees-peregrines\/2019-sortie-dans-le-thouarsais\/","title":{"rendered":"2019 \u00a0\u00bb Sortie dans le Thouarsais\u00a0\u00bb"},"content":{"rendered":"<p>La Journ\u00e9e p\u00e9r\u00e9grine est pr\u00e9vue le samedi 28 septembre 2019.<\/p>\n<p>Nous serons accueillis par la Soci\u00e9t\u00e9 d&rsquo;Histoire, d&rsquo;Arch\u00e9ologie &amp; des Arts du Pays Thouarsais.\u00a0 \u00a0 \u00a0\u00a0<a href=\"http:\/\/sh2pg.fr\/2017\/wp-content\/uploads\/armoirie-tour-dauvergne.jpg\"><img loading=\"lazy\" decoding=\"async\" class=\"alignright wp-image-860\" src=\"http:\/\/sh2pg.fr\/2017\/wp-content\/uploads\/armoirie-tour-dauvergne-203x300.jpg\" alt=\"\" width=\"114\" height=\"168\" srcset=\"https:\/\/sh2pg.fr\/2017\/wp-content\/uploads\/armoirie-tour-dauvergne-203x300.jpg 203w, https:\/\/sh2pg.fr\/2017\/wp-content\/uploads\/armoirie-tour-dauvergne.jpg 227w\" sizes=\"auto, (max-width: 114px) 100vw, 114px\" \/><\/a><\/p>\n<p style=\"text-align: center;\"><span style=\"color: #000000;\"><strong>PROGRAMME DE LA JOURNEE PEREGRINE DU SAMEDI 28 SEPTEMBRE 2019<\/strong><\/span><\/p>\n<p><strong>Rendez-vous<\/strong><strong>\u00a0<\/strong><strong>Place de la Gare \u00e0 Parthenay \u00e0 8h45<\/strong><br \/>\n<strong>D\u00e9part \u00e0 9h pr\u00e9cises <\/strong><\/p>\n<p><strong>9h45. Rendez-vous parking de la rue F\u00e9lix Gellusseau (\u00e9cole Ferdinand Buisson). \u00a0\u00a0\u00a0\u00a0\u00a0\u00a0\u00a0\u00a0\u00a0\u00a0\u00a0<\/strong> <strong>\u00a0\u00a0\u00a0\u00a0\u00a0\u00a0\u00a0\u00a0\u00a0\u00a0\u00a0<\/strong><strong><br \/>\n<a href=\"http:\/\/sh2pg.fr\/2017\/wp-content\/uploads\/muraille.jpg\"><img loading=\"lazy\" decoding=\"async\" class=\"alignright size-full wp-image-861\" src=\"http:\/\/sh2pg.fr\/2017\/wp-content\/uploads\/muraille.jpg\" alt=\"\" width=\"260\" height=\"150\" \/><\/a> Accueil par Damien Cocard, pr\u00e9sident de la Soci\u00e9t\u00e9 d\u2019histoire, d\u2019Arch\u00e9ologie et des Arts du Pays Thouarsais (SHAAPT).\u00a0\u00a0\u00a0\u00a0\u00a0\u00a0\u00a0\u00a0\u00a0\u00a0\u00a0\u00a0\u00a0\u00a0 \u00a0\u00a0\u00a0\u00a0\u00a0\u00a0\u00a0\u00a0\u00a0\u00a0\u00a0\u00a0\u00a0\u00a0\u00a0\u00a0\u00a0\u00a0\u00a0\u00a0\u00a0\u00a0\u00a0\u00a0\u00a0\u00a0\u00a0\u00a0\u00a0\u00a0\u00a0\u00a0\u00a0\u00a0\u00a0\u00a0\u00a0\u00a0\u00a0\u00a0\u00a0\u00a0\u00a0\u00a0\u00a0<\/strong><\/p>\n<p><strong>10h. Visite guid\u00e9e de 10h \u00e0 12h30<br \/>\n<a href=\"http:\/\/sh2pg.fr\/2017\/wp-content\/uploads\/Tour-Prince-de-Galles.jpg\"><img loading=\"lazy\" decoding=\"async\" class=\" wp-image-867 alignleft\" src=\"http:\/\/sh2pg.fr\/2017\/wp-content\/uploads\/Tour-Prince-de-Galles-202x300.jpg\" alt=\"\" width=\"100\" height=\"149\" srcset=\"https:\/\/sh2pg.fr\/2017\/wp-content\/uploads\/Tour-Prince-de-Galles-202x300.jpg 202w, https:\/\/sh2pg.fr\/2017\/wp-content\/uploads\/Tour-Prince-de-Galles.jpg 260w\" sizes=\"auto, (max-width: 100px) 100vw, 100px\" \/><\/a> <\/strong> <strong>Tour du Prince de Galles <\/strong>et muraille de la ville, XIIIe si\u00e8cle<br \/>\n<strong>\u00a0 \u00a0 \u00a0 \u00a0 \u00a0 \u00a0 \u00a0 \u00a0 \u00a0 \u00a0 \u00a0 \u00a0 \u00a0 \u00a0 \u00a0 \u00a0 \u00a0 \u00a0 \u00a0 \u00a0 \u00a0 \u00a0 \u00a0 \u00a0 \u00a0 \u00a0 H\u00f4tel Tyndo<\/strong>, XVe si\u00e8cle<br \/>\n<strong>\u00a0 \u00a0 \u00a0 \u00a0 \u00a0 \u00a0 \u00a0 \u00a0 \u00a0 \u00a0 \u00a0 \u00a0 \u00a0 \u00a0 \u00a0 \u00a0 \u00a0 \u00a0 \u00a0 \u00a0 \u00a0 \u00a0 \u00a0 \u00a0 \u00a0 \u00a0 Ancienne abbaye Saint-Laon<\/strong>, XIIe et XVIIe si\u00e8cles\u00a0 <a href=\"http:\/\/sh2pg.fr\/2017\/wp-content\/uploads\/portail-ST-Laon.jpg\"><img loading=\"lazy\" decoding=\"async\" class=\"alignright wp-image-865\" src=\"http:\/\/sh2pg.fr\/2017\/wp-content\/uploads\/portail-ST-Laon.jpg\" alt=\"\" width=\"268\" height=\"201\" \/><\/a><\/p>\n<p><a href=\"http:\/\/sh2pg.fr\/2017\/wp-content\/uploads\/StLaon.jpg\"><img loading=\"lazy\" decoding=\"async\" class=\"alignright wp-image-869\" src=\"http:\/\/sh2pg.fr\/2017\/wp-content\/uploads\/StLaon.jpg\" alt=\"\" width=\"133\" height=\"177\" \/><\/a><\/p>\n<p>&nbsp;<\/p>\n<p>&nbsp;<\/p>\n<p style=\"text-align: left;\"><strong>\u00a0 \u00a0 \u00a0 \u00a0 \u00a0 \u00a0 \u00a0 \u00a0 \u00a0 \u00a0 \u00a0 \u00a0<\/strong><\/p>\n<p><img loading=\"lazy\" decoding=\"async\" class=\" wp-image-863 alignleft\" src=\"http:\/\/sh2pg.fr\/2017\/wp-content\/uploads\/Henri-Barre.jpg\" alt=\"\" width=\"195\" height=\"127\" \/><\/p>\n<p style=\"text-align: left;\"><strong>\u00a0 \u00a0 \u00a0 \u00a0 \u00a0 \u00a0 <\/strong><\/p>\n<p>&nbsp;<\/p>\n<p style=\"text-align: left;\"><strong>\u00a0 \u00a0Mus\u00e9e Henri Barr\u00e9<\/strong>, visite du rez-de-chauss\u00e9e et de la salle de La Tr\u00e9mo\u00eflle<br \/>\n(en demi-groupe avec Sabine Blugeon, guide-conf\u00e9renci\u00e8re).\u00a0 \u00a0 \u00a0 \u00a0 \u00a0 \u00a0 \u00a0\u00a0<a href=\"http:\/\/sh2pg.fr\/2017\/wp-content\/uploads\/Salle-La-Tremoille.jpg\"><img loading=\"lazy\" decoding=\"async\" class=\"alignright wp-image-866\" src=\"http:\/\/sh2pg.fr\/2017\/wp-content\/uploads\/Salle-La-Tremoille.jpg\" alt=\"\" width=\"250\" height=\"205\" \/><\/a><\/p>\n<p>&nbsp;<\/p>\n<p>&nbsp;<\/p>\n<p>&nbsp;<\/p>\n<p>&nbsp;<\/p>\n<p><strong>12 h30. <\/strong><strong>D\u00e9jeuner au Restaurant \u00ab\u00a0Le Trait d\u2019Union\u00a0\u00bb, place Saint-M\u00e9dard<\/strong><\/p>\n<p style=\"text-align: center;\"><a href=\"http:\/\/sh2pg.fr\/2017\/wp-content\/uploads\/Trait-dUnion.jpg\"><img loading=\"lazy\" decoding=\"async\" class=\"size-full wp-image-868 aligncenter\" src=\"http:\/\/sh2pg.fr\/2017\/wp-content\/uploads\/Trait-dUnion.jpg\" alt=\"\" width=\"274\" height=\"184\" srcset=\"https:\/\/sh2pg.fr\/2017\/wp-content\/uploads\/Trait-dUnion.jpg 274w, https:\/\/sh2pg.fr\/2017\/wp-content\/uploads\/Trait-dUnion-120x80.jpg 120w\" sizes=\"auto, (max-width: 274px) 100vw, 274px\" \/><\/a><\/p>\n<p><strong>14 h30. <\/strong><strong>Visite guid\u00e9e de 14h30 \u00e0 17h30.<br \/>\n<\/strong><\/p>\n<p><strong>\u00a0\u00a0\u00a0\u00a0\u00a0\u00a0\u00a0\u00a0\u00a0\u00a0\u00a0\u00a0\u00a0\u00a0\u00a0\u00a0\u00a0\u00a0\u00a0\u00a0\u00a0\u00a0\u00a0 Eglise Saint-M\u00e9dard<\/strong>, XIIe et XVe si\u00e8cles (visite int\u00e9rieure)<br \/>\n<strong>\u00a0\u00a0\u00a0\u00a0\u00a0\u00a0\u00a0\u00a0\u00a0\u00a0\u00a0\u00a0\u00a0\u00a0\u00a0\u00a0\u00a0\u00a0\u00a0\u00a0\u00a0\u00a0\u00a0 Rue du ch\u00e2teau<\/strong>, maisons \u00e0 pans de bois des XVe et XVIe si\u00e8cles<br \/>\n<strong>\u00a0\u00a0\u00a0\u00a0\u00a0\u00a0\u00a0\u00a0\u00a0\u00a0\u00a0\u00a0\u00a0\u00a0\u00a0\u00a0\u00a0\u00a0\u00a0\u00a0\u00a0\u00a0\u00a0 Chapelle du ch\u00e2teau<\/strong>, XVIe si\u00e8cle (visite int\u00e9rieure en demi-groupe avec Damien Cocard<strong><br \/>\n<\/strong><\/p>\n<p><strong>\u00a0 \u00a0 \u00a0 \u00a0 \u00a0\u00a0<a href=\"http:\/\/sh2pg.fr\/2017\/wp-content\/uploads\/chateau.jpg\"><img loading=\"lazy\" decoding=\"async\" class=\"size-medium wp-image-862 alignleft\" src=\"http:\/\/sh2pg.fr\/2017\/wp-content\/uploads\/chateau-300x224.jpg\" alt=\"\" width=\"300\" height=\"224\" srcset=\"https:\/\/sh2pg.fr\/2017\/wp-content\/uploads\/chateau-300x224.jpg 300w, https:\/\/sh2pg.fr\/2017\/wp-content\/uploads\/chateau.jpg 413w\" sizes=\"auto, (max-width: 300px) 100vw, 300px\" \/><\/a>Ch\u00e2teau des Ducs de La Tr\u00e9mo\u00eflle<\/strong>, XVIIe si\u00e8cle\u00a0 \u00a0 \u00a0 \u00a0 \u00a0 \u00a0 \u00a0 \u00a0 \u00a0 \u00a0 \u00a0 \u00a0 \u00a0 \u00a0 \u00a0 \u00a0 \u00a0 \u00a0 \u00a0 \u00a0 \u00a0 \u00a0 \u00a0 \u00a0 \u00a0 \u00a0 \u00a0 \u00a0 \u00a0 \u00a0 \u00a0 \u00a0 \u00a0 \u00a0 \u00a0 \u00a0 \u00a0 \u00a0 \u00a0 \u00a0 \u00a0 \u00a0 \u00a0(visite int\u00e9rieure)<br \/>\n<strong>\u00a0 \u00a0 \u00a0 \u00a0 \u00a0 \u00a0 \u00a0 \u00a0 \u00a0 \u00a0 \u00a0 \u00a0 \u00a0Esplanade du site du ch\u00e2teau<\/strong>, (vue\u00a0 \u00a0 \u00a0 \u00a0 \u00a0 \u00a0 \u00a0 \u00a0 \u00a0 \u00a0 \u00a0 \u00a0 \u00a0 \u00a0 \u00a0 \u00a0 \u00a0 \u00a0 \u00a0 \u00a0 \u00a0 \u00a0 \u00a0 \u00a0 \u00a0 \u00a0 \u00a0 \u00a0 \u00a0 \u00a0 \u00a0 \u00a0 \u00a0 \u00a0 \u00a0 \u00a0 \u00a0 \u00a0 \u00a0 \u00a0 \u00a0 \u00a0 \u00a0 \u00a0 \u00a0 \u00a0 panoramique sur la ville)<br \/>\n<strong>\u00a0\u00a0\u00a0\u00a0\u00a0\u00a0\u00a0\u00a0\u00a0\u00a0\u00a0\u00a0\u00a0\u00a0\u00a0\u00a0\u00a0\u00a0\u00a0\u00a0\u00a0 \u00a0\u00a0\u00a0<\/strong> <strong><br \/>\nOrangerie du ch\u00e2teau<\/strong>, XVIIIe si\u00e8cle.<\/p>\n<p><a href=\"http:\/\/sh2pg.fr\/2017\/wp-content\/uploads\/orangerie.jpg\"><img loading=\"lazy\" decoding=\"async\" class=\"alignright wp-image-864\" src=\"http:\/\/sh2pg.fr\/2017\/wp-content\/uploads\/orangerie-300x187.jpg\" alt=\"\" width=\"366\" height=\"228\" srcset=\"https:\/\/sh2pg.fr\/2017\/wp-content\/uploads\/orangerie-300x187.jpg 300w, https:\/\/sh2pg.fr\/2017\/wp-content\/uploads\/orangerie.jpg 454w\" sizes=\"auto, (max-width: 366px) 100vw, 366px\" \/><\/a><\/p>\n<p>&nbsp;<\/p>\n<p>&nbsp;<\/p>\n<p>&nbsp;<\/p>\n<p>&nbsp;<\/p>\n<p>&nbsp;<\/p>\n<p><strong>17h30<\/strong>\u00a0<strong>: Fin de la visite sur le parking de l\u2019Orangerie du ch\u00e2teau<br \/>\n<\/strong><strong>\u00a0\u00a0\u00a0\u00a0\u00a0\u00a0\u00a0\u00a0\u00a0\u00a0\u00a0\u00a0 Retour \u00e0 Parthenay vers 18h15.<\/strong><\/p>\n<p>\u00c0 d\u00e9tacher \u2193<\/p>\n<p>****************************************************************************************<\/p>\n<p><strong>Bulletin d\u2019Inscription \u00e0 la journ\u00e9e p\u00e9r\u00e9grine du samedi 28 septembre 2019\u00a0:<\/strong><\/p>\n<p><strong>41 \u20ac par personne<\/strong> comprenant voyage en car, visites et d\u00e9jeuner<\/p>\n<p>Nom\u00a0: \u2026\u2026\u2026\u2026\u2026\u2026\u2026\u2026\u2026\u2026\u2026\u2026\u2026\u2026\u2026\u2026\u2026Pr\u00e9nom\u00a0:\u2026\u2026\u2026\u2026\u2026\u2026\u2026\u2026\u2026\u2026\u2026\u2026\u2026\u2026<br \/>\nAdresse\u00a0:\u2026\u2026\u2026\u2026\u2026\u2026\u2026\u2026\u2026\u2026\u2026\u2026\u2026\u2026\u2026\u2026\u2026\u2026\u2026\u2026\u2026\u2026\u2026\u2026\u2026\u2026\u2026\u2026\u2026\u2026\u2026\u2026\u2026\u2026<br \/>\nN\u00b0 T\u00e9l\u00e9phone\u00a0:\u2026\u2026\u2026\u2026\u2026\u2026 \u2026\u2026\u2026<\/p>\n<p>Courriel\u00a0: \u2026\u2026\u2026\u2026\u2026\u2026\u2026\u2026\u2026\u2026\u2026\u2026\u2026\u2026\u2026\u2026\u2026\u2026..@&#8230;&#8230;&#8230;&#8230;&#8230;&#8230;&#8230;&#8230;&#8230;&#8230;&#8230;&#8230;..<br \/>\nNombre de participants\u00a0: <strong>\u2026\u2026\u2026..\u00a0 x 41 \u20ac\u00a0 =<\/strong>\u00a0 \u2026\u2026\u2026\u2026..<\/p>\n<p><strong>Veuillez libeller votre ch\u00e8que au nom de\u00a0: SH2PG et le joindre \u00e0 votre bulletin d\u2019inscription<\/strong><br \/>\n<strong>\u00e0 adresser, <u>avant le lundi 1er juillet 2019<\/u>, d\u00e9lai de rigueur,<\/strong><br \/>\n<strong>\u00e0\u00a0: Monsieur Yves Drillaud 23 all\u00e9e L\u00e9on Blum 79200 Parthenay<\/strong>.<\/p>\n","protected":false},"excerpt":{"rendered":"<p>La Journ\u00e9e p\u00e9r\u00e9grine est pr\u00e9vue le samedi 28 septembre 2019. Nous serons accueillis par la Soci\u00e9t\u00e9 d&rsquo;Histoire, d&rsquo;Arch\u00e9ologie &amp; des<\/p>\n","protected":false},"author":1,"featured_media":0,"parent":118,"menu_order":0,"comment_status":"closed","ping_status":"closed","template":"","meta":{"_mc_calendar":[],"footnotes":""},"wf_page_folders":[23],"class_list":["post-824","page","type-page","status-publish","hentry"],"_links":{"self":[{"href":"https:\/\/sh2pg.fr\/2017\/wp-json\/wp\/v2\/pages\/824","targetHints":{"allow":["GET"]}}],"collection":[{"href":"https:\/\/sh2pg.fr\/2017\/wp-json\/wp\/v2\/pages"}],"about":[{"href":"https:\/\/sh2pg.fr\/2017\/wp-json\/wp\/v2\/types\/page"}],"author":[{"embeddable":true,"href":"https:\/\/sh2pg.fr\/2017\/wp-json\/wp\/v2\/users\/1"}],"replies":[{"embeddable":true,"href":"https:\/\/sh2pg.fr\/2017\/wp-json\/wp\/v2\/comments?post=824"}],"version-history":[{"count":8,"href":"https:\/\/sh2pg.fr\/2017\/wp-json\/wp\/v2\/pages\/824\/revisions"}],"predecessor-version":[{"id":888,"href":"https:\/\/sh2pg.fr\/2017\/wp-json\/wp\/v2\/pages\/824\/revisions\/888"}],"up":[{"embeddable":true,"href":"https:\/\/sh2pg.fr\/2017\/wp-json\/wp\/v2\/pages\/118"}],"wp:attachment":[{"href":"https:\/\/sh2pg.fr\/2017\/wp-json\/wp\/v2\/media?parent=824"}],"wp:term":[{"taxonomy":"wf_page_folders","embeddable":true,"href":"https:\/\/sh2pg.fr\/2017\/wp-json\/wp\/v2\/wf_page_folders?post=824"}],"curies":[{"name":"wp","href":"https:\/\/api.w.org\/{rel}","templated":true}]}}