{"id":123,"date":"2017-08-07T21:56:37","date_gmt":"2017-08-07T19:56:37","guid":{"rendered":"http:\/\/sh2pg.fr\/2017\/?page_id=123"},"modified":"2018-01-25T21:55:06","modified_gmt":"2018-01-25T20:55:06","slug":"2015-sur-les-pas-des-moines","status":"publish","type":"page","link":"https:\/\/sh2pg.fr\/2017\/journees-peregrines\/2015-sur-les-pas-des-moines\/","title":{"rendered":"2015 \u00ab\u00a0Sur les pas des moines cisterciens&#8230;\u00a0\u00bb"},"content":{"rendered":"<p align=\"center\"><em>Histoire de la constitution du temporel de<\/em><\/p>\n<p align=\"center\">L\u2019abbaye cistercienne Notre-Dame des Ch\u00e2telliers en Poitou<\/p>\n<p>&nbsp;<\/p>\n<p>Perdue au fond d\u2019un vallon de G\u00e2tine, mar\u00e9cageux, bois\u00e9 et solitaire, l\u2019ancienne abbaye royale des Ch\u00e2telliers, riche d\u2019une histoire fertile en \u00e9v\u00e8nements historiques, rayonna un temps dans tout le Poitou et m\u00eame au del\u00e0. Les ruines incertaines aujourd\u2019hui pr\u00e9sentes en bordure d\u2019un \u00e9tang, ne laissent gu\u00e8re pr\u00e9sager de ce qui fut, nagu\u00e8re, sa gloire pass\u00e9e.<\/p>\n<p>Depuis sa fondation en 1119, de nombreux domaines, perp\u00e9tuelles aum\u00f4nes de nobles en qu\u00eate d\u2019actes expiatoires, vinrent enrichir le temporel d\u2019une congr\u00e9gation dont le patrimoine surpassa celui des autres \u00e9tablissements cisterciens de la province.<\/p>\n<p>L\u2019objet de cette conf\u00e9rence est de retracer l\u2019histoire de ces acquisitions, d\u2019en \u00e9voquer les singularit\u00e9s et de montrer leur r\u00f4le dans la constitution des paysages proches ou lointains\u00a0: celui du bocage de G\u00e2tine en premier lieu, des plaines viticoles du Haut-Poitou \u00e9galement, mais aussi des marais mouill\u00e9s de la S\u00e8vre voire des \u00eeles de l\u2019Aunis.<\/p>\n<p><img loading=\"lazy\" decoding=\"async\" class=\"alignnone size-medium wp-image-638\" src=\"http:\/\/sh2pg.fr\/2017\/wp-content\/uploads\/abbaye-des-chatelliers_petit-300x219.jpg\" alt=\"\" width=\"300\" height=\"219\" srcset=\"https:\/\/sh2pg.fr\/2017\/wp-content\/uploads\/abbaye-des-chatelliers_petit-300x219.jpg 300w, https:\/\/sh2pg.fr\/2017\/wp-content\/uploads\/abbaye-des-chatelliers_petit.jpg 480w\" sizes=\"auto, (max-width: 300px) 100vw, 300px\" \/><br \/>\nAbbaye des Chateliers \u00a9 Photographie Jean-Pierre Camuzard 2014<\/p>\n","protected":false},"excerpt":{"rendered":"<p>Histoire de la constitution du temporel de L\u2019abbaye cistercienne Notre-Dame des Ch\u00e2telliers en Poitou &nbsp; Perdue au fond d\u2019un vallon<\/p>\n","protected":false},"author":1,"featured_media":0,"parent":118,"menu_order":0,"comment_status":"closed","ping_status":"closed","template":"","meta":{"_mc_calendar":[],"footnotes":""},"wf_page_folders":[23],"class_list":["post-123","page","type-page","status-publish","hentry"],"_links":{"self":[{"href":"https:\/\/sh2pg.fr\/2017\/wp-json\/wp\/v2\/pages\/123","targetHints":{"allow":["GET"]}}],"collection":[{"href":"https:\/\/sh2pg.fr\/2017\/wp-json\/wp\/v2\/pages"}],"about":[{"href":"https:\/\/sh2pg.fr\/2017\/wp-json\/wp\/v2\/types\/page"}],"author":[{"embeddable":true,"href":"https:\/\/sh2pg.fr\/2017\/wp-json\/wp\/v2\/users\/1"}],"replies":[{"embeddable":true,"href":"https:\/\/sh2pg.fr\/2017\/wp-json\/wp\/v2\/comments?post=123"}],"version-history":[{"count":4,"href":"https:\/\/sh2pg.fr\/2017\/wp-json\/wp\/v2\/pages\/123\/revisions"}],"predecessor-version":[{"id":639,"href":"https:\/\/sh2pg.fr\/2017\/wp-json\/wp\/v2\/pages\/123\/revisions\/639"}],"up":[{"embeddable":true,"href":"https:\/\/sh2pg.fr\/2017\/wp-json\/wp\/v2\/pages\/118"}],"wp:attachment":[{"href":"https:\/\/sh2pg.fr\/2017\/wp-json\/wp\/v2\/media?parent=123"}],"wp:term":[{"taxonomy":"wf_page_folders","embeddable":true,"href":"https:\/\/sh2pg.fr\/2017\/wp-json\/wp\/v2\/wf_page_folders?post=123"}],"curies":[{"name":"wp","href":"https:\/\/api.w.org\/{rel}","templated":true}]}}

<p align="center"><em>Histoire de la constitution du temporel de</em></p>
<p align="center">L’abbaye cistercienne Notre-Dame des Châtelliers en Poitou</p>
<p>&nbsp;</p>
<p>Perdue au fond d’un vallon de Gâtine, marécageux, boisé et solitaire, l’ancienne abbaye royale des Châtelliers, riche d’une histoire fertile en évènements historiques, rayonna un temps dans tout le Poitou et même au delà. Les ruines incertaines aujourd’hui présentes en bordure d’un étang, ne laissent guère présager de ce qui fut, naguère, sa gloire passée.</p>
<p>Depuis sa fondation en 1119, de nombreux domaines, perpétuelles aumônes de nobles en quête d’actes expiatoires, vinrent enrichir le temporel d’une congrégation dont le patrimoine surpassa celui des autres établissements cisterciens de la province.</p>
<p>L’objet de cette conférence est de retracer l’histoire de ces acquisitions, d’en évoquer les singularités et de montrer leur rôle dans la constitution des paysages proches ou lointains : celui du bocage de Gâtine en premier lieu, des plaines viticoles du Haut-Poitou également, mais aussi des marais mouillés de la Sèvre voire des îles de l’Aunis.</p>
<p><img loading="lazy" decoding="async" class="alignnone size-medium wp-image-638" src="http://sh2pg.fr/2017/wp-content/uploads/abbaye-des-chatelliers_petit-300x219.jpg" alt="" width="300" height="219" srcset="https://sh2pg.fr/2017/wp-content/uploads/abbaye-des-chatelliers_petit-300x219.jpg 300w, https://sh2pg.fr/2017/wp-content/uploads/abbaye-des-chatelliers_petit.jpg 480w" sizes="auto, (max-width: 300px) 100vw, 300px" /><br />
Abbaye des Chateliers © Photographie Jean-Pierre Camuzard 2014</p>

<p>Histoire de la constitution du temporel de L’abbaye cistercienne Notre-Dame des Châtelliers en Poitou &nbsp; Perdue au fond d’un vallon</p>
