{"id":118,"date":"2017-08-07T21:55:14","date_gmt":"2017-08-07T19:55:14","guid":{"rendered":"http:\/\/sh2pg.fr\/2017\/?page_id=118"},"modified":"2022-07-06T23:08:18","modified_gmt":"2022-07-06T21:08:18","slug":"journees-peregrines","status":"publish","type":"page","link":"https:\/\/sh2pg.fr\/2017\/journees-peregrines\/","title":{"rendered":"Journ\u00e9e p\u00e9r\u00e9grine dans le pays de B\u00e9celeuf &#038; Ardin"},"content":{"rendered":"\n<h2 class=\"wp-block-heading\">le jeudi 22 septembre 2022<\/h2>\n\n\n\n<p><em><strong>Cette journ\u00e9e se fera en co-voiturage. Merci de bien vouloir indiquer vos disponibilit\u00e9s (nombre de personnes que vous pouvez accueillir dans votre voiture), en vous inscrivant.<\/strong><\/em><\/p>\n\n\n\n<p><strong><em>Programme<\/em><\/strong> :<\/p>\n\n\n\n<p>Rendez-vous Place de la Gare routi\u00e8re de Parthenay \u00e0 8 heures 30<\/p>\n\n\n\n<p>D\u00e9part \u00e0 9 heures pr\u00e9cises<\/p>\n\n\n\n<p><strong>10 heures<\/strong> : Accueil place de la Mairie de B\u00e9celeuf par Michel Bertaud, pr\u00e9sident de<strong><em> l&rsquo;Association<br>Histoire et Patrimoine de B\u00e9celeuf et des environs<\/em>,<\/strong> et Michel Husson.<\/p>\n\n\n\n<p>\u25baRendez-vous dans l\u2019\u00e9glise de B\u00e9celeuf(monument historique) et visite<\/p>\n\n\n\n<p>\u25baPr\u00e9sentation de l\u2019histoire de la commune, ses liens avec Parthenay, son prieur\u00e9, ses demeures avec leurs pigeonniers<\/p>\n\n\n\n<figure class=\"wp-block-image size-full is-resized\"><img loading=\"lazy\" decoding=\"async\" src=\"http:\/\/sh2pg.fr\/2017\/wp-content\/uploads\/Eglise-St-Maurice.jpg\" alt=\"\" class=\"wp-image-1340\" width=\"367\" height=\"206\" srcset=\"https:\/\/sh2pg.fr\/2017\/wp-content\/uploads\/Eglise-St-Maurice.jpg 638w, https:\/\/sh2pg.fr\/2017\/wp-content\/uploads\/Eglise-St-Maurice-300x168.jpg 300w\" sizes=\"auto, (max-width: 367px) 100vw, 367px\" \/><figcaption>Eglise Saint-Maurice<\/figcaption><\/figure>\n\n\n\n<div class=\"wp-block-media-text alignwide is-stacked-on-mobile\" style=\"grid-template-columns:28% auto\"><figure class=\"wp-block-media-text__media\"><img loading=\"lazy\" decoding=\"async\" width=\"337\" height=\"509\" src=\"http:\/\/sh2pg.fr\/2017\/wp-content\/uploads\/Pigeonnier-de-Pouzay-1.jpg\" alt=\"\" class=\"wp-image-1341 size-full\" srcset=\"https:\/\/sh2pg.fr\/2017\/wp-content\/uploads\/Pigeonnier-de-Pouzay-1.jpg 337w, https:\/\/sh2pg.fr\/2017\/wp-content\/uploads\/Pigeonnier-de-Pouzay-1-199x300.jpg 199w\" sizes=\"auto, (max-width: 337px) 100vw, 337px\" \/><\/figure><div class=\"wp-block-media-text__content\">\n<blockquote class=\"wp-block-quote is-layout-flow wp-block-quote-is-layout-flow\"><p>\u25c4<strong>En direction d\u2019Ardin, visite du pigeonnier de Pouzay (class\u00e9)<\/strong><\/p><cite><strong>\u25bc<\/strong> Petit circuit dans le bourg<\/cite><\/blockquote>\n\n\n\n<figure class=\"wp-block-image size-full is-resized\"><img loading=\"lazy\" decoding=\"async\" src=\"http:\/\/sh2pg.fr\/2017\/wp-content\/uploads\/Lavoir-de-Fondmorand.jpg\" alt=\"\" class=\"wp-image-1342\" width=\"337\" height=\"192\" srcset=\"https:\/\/sh2pg.fr\/2017\/wp-content\/uploads\/Lavoir-de-Fondmorand.jpg 619w, https:\/\/sh2pg.fr\/2017\/wp-content\/uploads\/Lavoir-de-Fondmorand-300x172.jpg 300w\" sizes=\"auto, (max-width: 337px) 100vw, 337px\" \/><figcaption>Lavoir de Fondmorand<\/figcaption><\/figure>\n<\/div><\/div>\n\n\n\n<figure class=\"wp-block-table\"><table><tbody><tr><td>Pigeonnier de Pouzay<\/td><td> <em>\u00a0<\/em><\/td><\/tr><\/tbody><\/table><\/figure>\n\n\n\n<figure class=\"wp-block-image size-full\"><img loading=\"lazy\" decoding=\"async\" width=\"103\" height=\"78\" src=\"http:\/\/sh2pg.fr\/2017\/wp-content\/uploads\/resto.jpg\" alt=\"\" class=\"wp-image-1343\"\/><\/figure>\n\n\n\n<p><strong>12 heures 30 : D\u00e9jeuner \u00e0 Ardin \u00ab\u00a0Les Terrasses de l&rsquo;Autize\u00a0\u00bb. Prix du repas 25 \u20ac par personne, tout compris.<\/strong><\/p>\n\n\n\n<p>15 heures : Visite de l&rsquo;\u00e9glise d&rsquo;Ardin<\/p>\n\n\n\n<div class=\"wp-block-media-text alignwide is-stacked-on-mobile\" style=\"grid-template-columns:22% auto\"><figure class=\"wp-block-media-text__media\"><img loading=\"lazy\" decoding=\"async\" width=\"324\" height=\"454\" src=\"http:\/\/sh2pg.fr\/2017\/wp-content\/uploads\/Vitraux.jpg\" alt=\"\" class=\"wp-image-1344 size-full\" srcset=\"https:\/\/sh2pg.fr\/2017\/wp-content\/uploads\/Vitraux.jpg 324w, https:\/\/sh2pg.fr\/2017\/wp-content\/uploads\/Vitraux-214x300.jpg 214w\" sizes=\"auto, (max-width: 324px) 100vw, 324px\" \/><\/figure><div class=\"wp-block-media-text__content\">\n<blockquote class=\"wp-block-quote is-layout-flow wp-block-quote-is-layout-flow\"><p><strong>\u25b2Visite de l\u2019\u00e9glise d\u2019Ardin (vitraux modernes) avec historique de la commune<\/strong><\/p><\/blockquote>\n<\/div><\/div>\n\n\n\n<p>\u25bcPetit parcours vers deux lavoirs et aper\u00e7u du ch\u00e2teau de Saint Goard<\/p>\n\n\n\n<div class=\"wp-block-image\"><figure class=\"aligncenter size-full is-resized\"><img loading=\"lazy\" decoding=\"async\" src=\"http:\/\/sh2pg.fr\/2017\/wp-content\/uploads\/Lavoir-de-Jubert.jpg\" alt=\"\" class=\"wp-image-1345\" width=\"274\" height=\"412\" srcset=\"https:\/\/sh2pg.fr\/2017\/wp-content\/uploads\/Lavoir-de-Jubert.jpg 338w, https:\/\/sh2pg.fr\/2017\/wp-content\/uploads\/Lavoir-de-Jubert-199x300.jpg 199w\" sizes=\"auto, (max-width: 274px) 100vw, 274px\" \/><figcaption>Lavoir de Jubert<\/figcaption><\/figure><\/div>\n\n\n\n<p>17 heures 30 : Retour vers Parthenay<\/p>\n","protected":false},"excerpt":{"rendered":"<p>le jeudi 22 septembre 2022 Cette journ\u00e9e se fera en co-voiturage. Merci de bien vouloir indiquer vos disponibilit\u00e9s (nombre de<\/p>\n","protected":false},"author":1,"featured_media":0,"parent":0,"menu_order":0,"comment_status":"closed","ping_status":"closed","template":"","meta":{"_mc_calendar":[],"footnotes":""},"wf_page_folders":[23],"class_list":["post-118","page","type-page","status-publish","hentry"],"_links":{"self":[{"href":"https:\/\/sh2pg.fr\/2017\/wp-json\/wp\/v2\/pages\/118","targetHints":{"allow":["GET"]}}],"collection":[{"href":"https:\/\/sh2pg.fr\/2017\/wp-json\/wp\/v2\/pages"}],"about":[{"href":"https:\/\/sh2pg.fr\/2017\/wp-json\/wp\/v2\/types\/page"}],"author":[{"embeddable":true,"href":"https:\/\/sh2pg.fr\/2017\/wp-json\/wp\/v2\/users\/1"}],"replies":[{"embeddable":true,"href":"https:\/\/sh2pg.fr\/2017\/wp-json\/wp\/v2\/comments?post=118"}],"version-history":[{"count":7,"href":"https:\/\/sh2pg.fr\/2017\/wp-json\/wp\/v2\/pages\/118\/revisions"}],"predecessor-version":[{"id":1346,"href":"https:\/\/sh2pg.fr\/2017\/wp-json\/wp\/v2\/pages\/118\/revisions\/1346"}],"wp:attachment":[{"href":"https:\/\/sh2pg.fr\/2017\/wp-json\/wp\/v2\/media?parent=118"}],"wp:term":[{"taxonomy":"wf_page_folders","embeddable":true,"href":"https:\/\/sh2pg.fr\/2017\/wp-json\/wp\/v2\/wf_page_folders?post=118"}],"curies":[{"name":"wp","href":"https:\/\/api.w.org\/{rel}","templated":true}]}}