{"id":114,"date":"2017-08-07T21:54:27","date_gmt":"2017-08-07T19:54:27","guid":{"rendered":"http:\/\/sh2pg.fr\/2017\/?page_id=114"},"modified":"2018-01-25T21:05:00","modified_gmt":"2018-01-25T20:05:00","slug":"2004-2","status":"publish","type":"page","link":"https:\/\/sh2pg.fr\/2017\/2004-2\/","title":{"rendered":"2004"},"content":{"rendered":"<p><strong>XXXVIe Congr\u00e8s d\u00e9partemental &#8211; octobre 2004<\/strong><\/p>\n<p>de la F\u00e9d\u00e9ration des Soci\u00e9t\u00e9s savantes &amp; culturelles\u00a0des Deux-S\u00e8vres.<\/p>\n<p>Parthenay, March\u00e9 de Parthenay, \u00ab Le Bellevue \u00bb.<\/p>\n<p>PROGRAMME<\/p>\n<p>Intervenants :<\/p>\n<p>Daniel BOURDU, Jacques CARRIO-ALTMEYER : La fiscalit\u00e9 \u00e0 Coulon aux XVII -XVIII \u00e8me si\u00e8cles : r\u00e9v\u00e9lation de la vie sociale et de l&rsquo;espace paroissial.<\/p>\n<p>Yves MAUDET : Les industriels de Ch\u00e2tillon-sur-S\u00e8vre et de Saint-Jouin-sous-Ch\u00e2tillon (Maul\u00e9on) et leurs alliances au XIX \u00e8me si\u00e8cle.<\/p>\n<p>Jean-Jacques LUCAS : Le legs Piet-Lataudrie au mus\u00e9e de Niort.<\/p>\n<p>Alain CHIRON : Attitudes diff\u00e9renci\u00e9es d&rsquo;Ernest P\u00e9rochon et Emile Guillaumin, li\u00e9s par une amiti\u00e9 de trente ans, au sein de l&rsquo;association des \u00e9crivains de province.<\/p>\n<p>Pierre ARCHES : Chronique d&rsquo;une mort tr\u00e8s t\u00f4t annonc\u00e9e : la ligne ferroviaire Nantes -Poitiers, XIX- XX e si\u00e8cles.<\/p>\n","protected":false},"excerpt":{"rendered":"<p>XXXVIe Congr\u00e8s d\u00e9partemental &#8211; octobre 2004 de la F\u00e9d\u00e9ration des Soci\u00e9t\u00e9s savantes &amp; culturelles\u00a0des Deux-S\u00e8vres. Parthenay, March\u00e9 de Parthenay, \u00ab<\/p>\n","protected":false},"author":1,"featured_media":0,"parent":0,"menu_order":0,"comment_status":"closed","ping_status":"closed","template":"","meta":{"_mc_calendar":[],"footnotes":""},"wf_page_folders":[26],"class_list":["post-114","page","type-page","status-publish","hentry"],"_links":{"self":[{"href":"https:\/\/sh2pg.fr\/2017\/wp-json\/wp\/v2\/pages\/114","targetHints":{"allow":["GET"]}}],"collection":[{"href":"https:\/\/sh2pg.fr\/2017\/wp-json\/wp\/v2\/pages"}],"about":[{"href":"https:\/\/sh2pg.fr\/2017\/wp-json\/wp\/v2\/types\/page"}],"author":[{"embeddable":true,"href":"https:\/\/sh2pg.fr\/2017\/wp-json\/wp\/v2\/users\/1"}],"replies":[{"embeddable":true,"href":"https:\/\/sh2pg.fr\/2017\/wp-json\/wp\/v2\/comments?post=114"}],"version-history":[{"count":2,"href":"https:\/\/sh2pg.fr\/2017\/wp-json\/wp\/v2\/pages\/114\/revisions"}],"predecessor-version":[{"id":615,"href":"https:\/\/sh2pg.fr\/2017\/wp-json\/wp\/v2\/pages\/114\/revisions\/615"}],"wp:attachment":[{"href":"https:\/\/sh2pg.fr\/2017\/wp-json\/wp\/v2\/media?parent=114"}],"wp:term":[{"taxonomy":"wf_page_folders","embeddable":true,"href":"https:\/\/sh2pg.fr\/2017\/wp-json\/wp\/v2\/wf_page_folders?post=114"}],"curies":[{"name":"wp","href":"https:\/\/api.w.org\/{rel}","templated":true}]}}